 be 3*(2 + 20/(-6)). Let b be 9/f*(0 + 4). Is (b/12)/((-2)/40) a prime number?
False
Suppose -5*a - 53 = -13. Let g = a + 13. Suppose -4*w + 175 = g*h - 0*w, -3*h = 5*w - 118. Is h prime?
True
Suppose 3*d - 2172 = 153. Suppose -5*a + 5*w + d = 0, -a - 7*w = -3*w - 175. Let x = a - 68. Is x composite?
True
Let z = -141 - -371. Suppose 2*r + 3*r - z = 0. Is r prime?
False
Let c be (-16)/20*25/2. Let q = 14 + c. Suppose -2*m + j + 48 = -q*j, -74 = -4*m - j. Is m a prime number?
True
Let l(y) = 25 - y - 25 - y**2. Let w be l(-1). Suppose -2*j - 161 + 583 = w. Is j a prime number?
True
Suppose -4*r + 3740 = r - 5*p, 3*r - 2247 = 2*p. Is r prime?
True
Let o be -2 + (1 - 2) + -1177. Let f = -503 - o. Is f a composite number?
False
Let r be (16/6)/(2/6). Suppose -o - s = -5*o + 4, 2*s = -4*o - r. Suppose -3*d + 3*u + 45 = 0, 4*d + o*u = 5*u + 56. Is d a composite number?
False
Let z(u) = 40*u - 6 + 3 - 5. Let c be z(9). Suppose 0 = 4*d - 0*p - p - c, -3*p + 457 = 5*d. Is d composite?
False
Let y(f) = 15*f**3 - 2*f**2 + 2*f. Is y(3) a prime number?
False
Suppose 0 = 5*q - 6*q + 1097. Is q prime?
True
Let a(c) = -c + 6. Let r be a(3). Is 174/8 - r/4 prime?
False
Suppose -7*f + 3*f + 8 = 0. Suppose p - f*c = 8, 0*p - 5*c = 2*p + 20. Suppose 4*x - 316 - 72 = p. Is x a prime number?
True
Let m(c) = 26*c**2 - 9*c + 3. Let d be m(-7). Suppose d = 5*h - 565. Is h prime?
False
Let u(d) = -2*d - 1. Let r be u(-3). Let w = -3 - -1. Is (r/(-3))/(w/42) a prime number?
False
Let t be (-2)/(-5) - 56/(-35). Suppose 2*n + n - t*k = 469, -179 = -n - 5*k. Is n a prime number?
False
Suppose -2*s + 289 = -3*l, -51 - 384 = -3*s + 4*l. Is s a composite number?
False
Is (-8)/10 - (-15673)/35 composite?
True
Let z = -710 - -1323. Is z composite?
False
Suppose 3*k = -k + 3260. Suppose 29 = 4*z - k. Is z prime?
True
Suppose 0 = 5*y - 4*f + 2*f - 61, -70 = -5*y + 5*f. Suppose -4*a + y = -3*n, 0 = -3*a + 5*n + 8 + 3. Suppose t - a*t + 7 = 0. Is t composite?
False
Let m be 6/(-3 + 0) - -2. Let n be 3 + m + 4/2. Let d = n + 8. Is d composite?
False
Suppose -2*h - 45 + 145 = 0. Suppose -2*p = -2*f + 2*p + h, 4*f + 5*p = 165. Is f composite?
True
Let i be (1/2)/(2/(-132)). Suppose 5*r + 2*j = 587, -r + j + 361 = 2*r. Let o = r + i. Is o a composite number?
True
Let c(v) = -v**3 + 6*v**2 - 9*v - 11. Let n(q) = 2*q**3 - 6*q**2 + 10*q + 12. Let z(a) = -3*c(a) - 2*n(a). Is z(-7) composite?
True
Suppose -4*l = 1349 - 5993. Suppose -2*p + l = 4*f + 311, 5*f = -3*p + 1272. Is p prime?
True
Let w(u) = -6*u**3 + u**2 - 4*u + 12. Let o(h) = -5*h**3 + h**2 - 3*h + 11. Let j(b) = 5*o(b) - 4*w(b). Let p be 1 - (-2)/(-4 + 2). Is j(p) a prime number?
True
Let q be 3*(-12)/9 - -1. Let r = q + 7. Is r composite?
True
Let d(i) = -i**3 + 8*i**2 + 7*i + 4. Let b be d(9). Is (-738)/b + 8/28 composite?
False
Let w = -17 + 12. Let l be (-29)/5 + 1/w. Is -1*(-4)/(-6)*l a prime number?
False
Suppose 0 = 3*w - 2*s - 481, -5*s + 149 = 2*w - 140. Is w a composite number?
False
Let i = -32 - 3. Let j be 1/2*(-2244)/(-11). Let b = j + i. Is b a composite number?
False
Let s(t) = -5*t + 5 - 2 + 2. Is s(-6) a composite number?
True
Is ((-1)/(-1))/(-1*2/(-13274)) a composite number?
False
Let u(r) = -r + 13. Let c be u(11). Let n = c - -23. Is n prime?
False
Suppose 12*b = 11232 + 1644. Is b prime?
False
Suppose 5*h = h + 2*y + 8, -4*h - 2*y = 0. Suppose -o - h = 2*u - 0*u, 4*u - 19 = -5*o. Is o a prime number?
True
Let f(k) be the first derivative of 7*k**3/3 - 3*k**2 - 3*k + 2. Is f(7) a prime number?
False
Suppose 2*c + 268 = 2*r + 2*r, -3*c = -3*r + 411. Is c/6*(-18)/12 a prime number?
False
Let q(w) be the second derivative of 7*w**3/3 - 39*w**2/2 + 2*w. Let g(p) = 3*p - 8. Let j(x) = -11*g(x) + 2*q(x). Is j(-9) a prime number?
False
Let t(d) = 4*d**2 + d - 1. Let z be t(1). Suppose 261 = 2*a + z*u + u, -4*a - u = -495. Is a composite?
True
Suppose -2*b + 409 = -b. Is b a composite number?
False
Let b(h) = h - 81. Let p = -8 + 8. Let j be b(p). Let l = 176 + j. Is l composite?
True
Let g be (4/2)/(-2) + 156. Suppose 0*d + 5*d - g = -4*o, -55 = -d + 4*o. Let x = d + -25. Is x composite?
True
Is (1/2)/((-3)/(-1398)) prime?
True
Let h = -1 - -2. Let d be h + 3*6/9. Suppose 5*a - 5*j = 120, -a - 6 = -d*j - 40. Is a a composite number?
False
Let o = 81 - -168. Is o a composite number?
True
Let h = -654 + 2191. Is h prime?
False
Let m = -524 - -122. Let v = m - -692. Suppose 3*k - v = 37. Is k a prime number?
True
Let g(i) = 4*i**2 - 6*i + 1. Is g(5) a prime number?
True
Is 1/(2 - 5319/2661) a prime number?
True
Let g(i) = 9*i**3 - 8*i**2 - 8*i - 3. Let a(q) = -9*q**3 + 7*q**2 + 7*q + 3. Let r(k) = 6*a(k) + 5*g(k). Is r(-2) a composite number?
False
Suppose 7*y - 2*y = 50. Let j be (-165)/y*(-2)/(-3). Let t = j - -138. Is t prime?
True
Suppose -3*u + 18 - 3 = 0. Let o = 3 + -5. Let i = u + o. Is i composite?
False
Let i = 4530 + -2425. Is i a composite number?
True
Suppose 4 = -4*q + w, 2*w - 3*w = 3*q + 3. Let v be (-1)/(1/(q*22)). Suppose v = b - 15. Is b prime?
True
Let r(a) = -340*a - 3. Is r(-1) composite?
False
Is 278*(-2)/4*(2 - 3) a prime number?
True
Suppose -12 = 2*x - 2*i, x + 0*i + 2*i - 6 = 0. Let o(d) = 72*d**2 - d + 3. Is o(x) composite?
False
Let c(p) = 2*p**2 - 4. Let y(f) = f**2 - 5*f - 9. Let s be y(7). Is c(s) composite?
True
Suppose 0*l + 4*m = 2*l - 304, 2*m - 310 = -2*l. Suppose -l = -4*i - 14. Is i a prime number?
False
Let p = -3 + 0. Let h = 9 + p. Suppose -i + 31 = -h. Is i a prime number?
True
Let c(w) = 81*w - 8. Is c(5) composite?
False
Suppose -91 = j - 600. Is j a composite number?
False
Let x(w) = -w**3 + 3*w**2 + w + 1055. Is x(0) prime?
False
Suppose -3*l + k = 5, -3*k = -2*k + 1. Is l/(-2)*(-308)/(-4) a prime number?
False
Let l(o) = 5. Let y(j) = -j**2 - j - 10. Let v(q) = -5*l(q) - 2*y(q). Is v(-4) a composite number?
False
Let p(i) = 172*i**2 - 8*i - 17. Is p(-4) a composite number?
False
Let i = -39 + 175. Let l = -56 + i. Suppose 0 = 3*w + 11 - l. Is w a composite number?
False
Suppose -2*b + 95 + 15 = j, 3*b - 5*j = 191. Is b prime?
False
Let n = -27126 + 13698. Is (-2)/(-3)*n/(-24) a prime number?
True
Let c = 409 - 36. Suppose -3*o - 3*m + 1146 = -0*m, -o = -2*m - c. Is o a prime number?
True
Is 7*((-872)/(-4) - -5) a composite number?
True
Suppose 3*b = -5*v + 2234, 5*b - 3*v + 4*v = 3716. Is b prime?
True
Suppose 2*i = 5*u - 28, 0*u + 24 = 3*u - 3*i. Suppose -5*m + 4*m + u*b = -356, -b + 1003 = 3*m. Let o = m - 181. Is o a prime number?
False
Let d(o) = 2*o**2 + o + 59. Is d(0) a prime number?
True
Let i(n) = n**3 - n**2 + n + 35. Suppose -2*b - 12 + 4 = 4*h, 5*b = 2*h + 4. Let d be i(b). Suppose -4*m + 1 = -19, d = 2*k + m. Is k a prime number?
False
Let l = -12 + -133. Let a = l - -273. Suppose -20 = -4*u + a. Is u composite?
False
Let g be 81/5 - 5/25. Let a(v) = v - 8. Let k be a(6). Let n = g + k. Is n a composite number?
True
Suppose 3088 = 4*l - 4*d, 2*l + d - 1529 = -0*d. Is l a composite number?
True
Let i(h) = -h**2 + 6*h - 5. Suppose 2*v + 9 = 5*r - 6, -2*r + 30 = 4*v. Let x be i(r). Suppose x = 2*n + 2*n - 24. Is n prime?
False
Let y be 59 - (-1 + 0/(-1)). Suppose 18*i = 9*i + 18. Suppose -y = -i*v + 58. Is v prime?
True
Let w(f) = -f**3 - f**2 + 39. Let u = -3 + 5. Let a be -6 - -4 - u*-1. Is w(a) prime?
False
Let w(h) be the first derivative of h**3/3 - 3*h**2/2 - 6. Is w(5) prime?
False
Suppose -5*b + 36 = 4*a, -9*b = -3*a - 4*b + 27. Suppose -4*d - 4*u + a*u = -1339, -d + 337 = -2*u. Is d prime?
True
Let f = 215 + -104. Suppose -2*a - 271 = -2*w + f, -3*w = 2*a - 573. Is w prime?
True
Let s be (-4)/(-18)*-3*3. Let r = 39 + s. Is r prime?
True
Is 0 - ((-3)/6 - (-79322)/(-4)) prime?
False
Let i(d) = -d**2 + 54. Let g be i(0). Suppose g = -3*w - 264. Is ((-3)/(-3))/((-2)/w) prime?
True
Let s = 178 - 123. Suppose 13*p - 14*p = -s. Is p a composite number?
True
Let p(q) = 3*q**2 + 3*q - 1. Let m(r) be the third derivative of -r**5/15 - r**4/8 - 4*r**2. Let w(y) = -4*m(y) - 5*p(y). Is w(5) composite?
True
Suppose -4*r - q = -r - 14, -4*r - 5*q = -26. Suppose -3*d - 10 = -5*o - 91, 4*o = -r*d + 76. Is d a prime number?
False
Suppose -9*b - 355 = -10*b. Suppose 2*d - 7*d = -b. Is d a prime number?
True
Suppose a - 1827 = 5*g + 7505, 0 = 4*a + 4*g - 37352. Is 